e 4, what is -10210213200 + 10?
-10210213130
In base 2, what is -111100010110010000000010 - 1011?
-111100010110010000001101
In base 12, what is 3 - 3b1478?
-3b1475
In base 15, what is 1 + 1b39b4?
1b39b5
In base 16, what is 18e - 97b1?
-9623
In base 4, what is -1101301212023 + 3?
-1101301212020
In base 5, what is 0 + -142340121?
-142340121
In base 3, what is 212011 - -112101021011?
112102010022
In base 8, what is -162023 + -75?
-162120
In base 8, what is -530656031 + 2?
-530656027
In base 15, what is -1b7d0 - a8?
-1b888
In base 4, what is 1003200 - 332023131?
-331013331
In base 6, what is -155 - 552420541?
-552421140
In base 3, what is 11210221201 + -21?
11210221110
In base 2, what is -100110100010 - -101110000110000100?
101101011111100010
In base 12, what is 0 - -8a847?
8a847
In base 7, what is 106203 + 0?
106203
In base 13, what is -ab - 190a2?
-19180
In base 8, what is 407 - -4021622?
4022231
In base 6, what is -553 - -23433330?
23432333
In base 5, what is 301444040 + -2212?
301441323
In base 8, what is 2 - -10445170?
10445172
In base 7, what is -336 - 264252?
-264621
In base 15, what is 2 + 696ad34?
696ad36
In base 4, what is -121 - -13003101200?
13003101013
In base 8, what is 55420 - -13147?
70567
In base 7, what is -4252 - 106504?
-114056
In base 2, what is 1100 - -1011100101000110110000001?
1011100101000110110001101
In base 6, what is -1044 + 330003?
324515
In base 9, what is 2811 + 33686?
36607
In base 14, what is -509 + -36094?
-3659d
In base 7, what is -12425 - -505?
-11620
In base 15, what is -517 + -4e17e?
-4e696
In base 7, what is -132136 + -12514?
-144653
In base 8, what is 22243 + -41?
22202
In base 3, what is 2012100 - 121010020101?
-121001001001
In base 7, what is 30255 + -1636?
25316
In base 10, what is 1342 + 7445?
8787
In base 11, what is 4 + 898075?
898079
In base 5, what is -222444031 - 13?
-222444044
In base 10, what is -37496 - -95?
-37401
In base 13, what is 3 + 1c1063a?
1c10640
In base 4, what is 23021221 - 3012112?
20003103
In base 12, what is 483 - 3142?
-287b
In base 9, what is -7402760 + 14?
-7402745
In base 3, what is -10 - 11122020010102012?
-11122020010102022
In base 14, what is 367a - -4b1c?
8398
In base 13, what is -12 - -62058?
62046
In base 6, what is 501140222 - -225?
501140451
In base 9, what is 176686 - 513?
176173
In base 6, what is -13 - 15024555010?
-15024555023
In base 10, what is -581 - -526588?
526007
In base 13, what is -40ac7 - 64?
-40b5b
In base 7, what is 10341 + 121112?
131453
In base 10, what is -3323 + 404?
-2919
In base 6, what is -40 + -10023125?
-10023205
In base 6, what is 100 - -542043432?
542043532
In base 5, what is -223 - 31301120?
-31301343
In base 5, what is 401321 - -12314?
414140
In base 9, what is -7132565 + -8?
-7132574
In base 7, what is -411205042 + -1?
-411205043
In base 12, what is -1a + 37504?
374a6
In base 15, what is 73 - bcb8?
-bc45
In base 12, what is -27b + 1277?
bb8
In base 13, what is 1 + -1221567?
-1221566
In base 7, what is 4 - 33142043?
-33142036
In base 11, what is 13 - 114a852?
-114a83a
In base 14, what is -1c9738d - 3?
-1c97392
In base 5, what is 43113233324 + 20?
43113233344
In base 6, what is 5042055 - -3?
5042102
In base 5, what is -10 + 200120004341?
200120004331
In base 2, what is -11000111110110001011100 - -1001010?
-11000111110110000010010
In base 8, what is -2701 - -124037?
121136
In base 15, what is -14e6d939 + 2?
-14e6d937
In base 14, what is -40da + -251d?
-6619
In base 8, what is -4250001 + -5?
-4250006
In base 5, what is -11 - 3211022421?
-3211022432
In base 6, what is 2 + 51241014?
51241020
In base 15, what is 43 + c5a5?
c5e8
In base 9, what is -144084110 + -2?
-144084112
In base 7, what is 13 - -1060350?
1060363
In base 9, what is 1884232 - 460?
1883662
In base 6, what is -12510 + 53432?
40522
In base 7, what is -2514503 - 2266?
-2520102
In base 5, what is -20 - -142440034?
142440014
In base 9, what is 36 - 784361?
-784324
In base 7, what is 3354 - 236?
3115
In base 6, what is 2031 - -302110?
304141
In base 10, what is 62 - -6047189?
6047251
In base 4, what is 2332302 + 222321?
3221223
In base 5, what is 100212023142 - 4?
100212023133
In base 16, what is -2b7 + -69e9?
-6ca0
In base 7, what is -432 + 341006?
340244
In base 4, what is -1 + 1111033223033?
1111033223032
In base 5, what is 10 - 1434201301?
-1434201241
In base 7, what is -165215146 - -1?
-165215145
In base 4, what is 1010203023 - 103?
1010202320
In base 8, what is 541204304 + -3?
541204301
In base 4, what is -1331112222232 - -11?
-1331112222221
In base 4, what is 10023201113121 + -3?
10023201113112
In base 7, what is 14112542 + 40?
14112612
In base 2, what is -10111011100000000110011 - 11?
-10111011100000000110110
In base 14, what is 98222 + -15?
9820b
In base 8, what is 46417521 + -6?
46417513
In base 16, what is 6c - 5f8a7?
-5f83b
In base 2, what is -1001 + 11010110101001100011100?
11010110101001100010011
In base 14, what is -4 - -1da728?
1da724
In base 16, what is -15e22b9f + 4?
-15e22b9b
In base 12, what is 1845 + 55b5?
723a
In base 13, what is 8a89 + 396?
9152
In base 11, what is 3343234 + 8?
3343241
In base 16, what is 2f5 - -4402?
46f7
In base 10, what is 2 - 3094357?
-3094355
In base 3, what is -20 + -1021212102111?
-1021212102201
In base 12, what is -405b1 - -178?
-40435
In base 10, what is -3 + -15593420?
-15593423
In base 15, what is 3a30d - 61d?
39be0
In base 7, what is 25 + -540025?
-540000
In base 7, what is -16 - 30300350?
-30300366
In base 12, what is -37127 + 47b8?
-3252b
In base 14, what is -1c3c - 594?
-23d2
In base 4, what is 103003 - -101123323?
101232332
In base 4, what is -2003 + -222333?
-231002
In base 15, what is 2b0 + 120a1?
12361
In base 3, what is -122122 - -1012022122121?
1012021222222
In base 7, what is -3232355 + -14?
-3232402
In base 6, what is 2130322 + 5531?
2140253
In base 12, what is 2b40 + -a40?
2100
In base 9, what is -160630737 - 0?
-160630737
In base 9, what is -31441 - -1162?
-30268
In base 11, what is -282399402 + 1?
-282399401
In base 4, what is 120201012 + -3230?
120131122
In base 12, what is -64023 - -255?
-6398a
In base 14, what is 39a465b + -3?
39a4658
In base 14, what is 495568 - -110?
495678
In base 14, what is -4 - -33c13?
33c0d
In base 13, what is 2 + -c0c36?
-c0c34
In base 11, what is -5 + 38a2335?
38a2330
In base 13, what is 2834 - -343?
2b77
In base 12, what is 4 - -1311087?
131108b
In base 4, what is 133 - 2030330103311?
-2030330103112
In base 2, what is 101101101110001 + -10101111111?
101010111110010
In base 9, what is -8 - 12443464?
-12443473
In base 16, what is 10fcd8 + 0?
10fcd8
In base 8, what is -116 - 2043607?
-2043725
In base 12, what is -14b76 - -109?
-14a69
In base 8, what is -12106145 + 2?
-12106143
In base 6, what is -2211520 - -13350?
-2154130
In base 16, what is 7072eaf - a?
7072ea5
In base 10, what is -3270531 + -8?
-3270539
In base 9, what is 0 + -16745546?
-16745546
In base 11, what is 16 - 26964873?
-26964858
In base 12, what is b + 283544?
283553
In base 11, what is -4 + -181072a?
-1810733
In base 12, what is -552 - 5223a?
-52790
In base 15, what is 4b0 - 159b?
-10db
In base 13, what is 285ba - 7b?
2853c
In base 9, what is -66514521 - -6?
-66514514
In base 12, what is -10 - 3792a30?
-3792a40
In base 3, what is 12002100221121 - -2020?
12002101000211
In base 3, what is -2002202100201022 + -11?
-2002202100201110
In base 6, what is -2 + 152231053?
152231051
In base 10, what is -908 - -55009?
54101
In base 11, what is 23 - -5695564?
5695587
In base 5, what is -21 - 30200140110?
-30200140131
In base 6, what is 24210 - -253323?
321533
In base 8, what is -376147 + 11?
-376136
In base 5, what is 42230410 + -101333?
42124022
In base 11, what is 15106387 + 9?
15106395
In base 6, what is 225 - 55322050?
-55321421
In base 10, what is 154875723 - 5?
154875718
In base 3, what is -112011 - 12000100021200?
-12000100210211
In base 15, what is 3b98 - -7a?
3c23
In base 12, what is -192152 + -716?
-192868
In base 7, what is 110611 + 4?
110615
In base 14, what is 13ca0c6 - -42?
13ca128
In base 13, what is 38a0457 - -3?
38a045a
In base 12, what is 3 + -1553b?
-15538
In base 8, what is 0 - -60754505?
60754505
In base 3, what is -20100012122021202211 - 2?
-20100012122021202220
In base 8, what is 2102613 - 324?
2102267
In base 6, wh